{"id":124,"date":"2024-08-26T06:51:33","date_gmt":"2024-08-26T06:51:33","guid":{"rendered":"https:\/\/clinicmaster.wprdx.com\/skincare\/?page_id=124"},"modified":"2025-06-10T19:18:02","modified_gmt":"2025-06-10T17:18:02","slug":"termin","status":"publish","type":"page","link":"https:\/\/web-frankfurt.de\/Sani\/termin\/","title":{"rendered":"Termin"},"content":{"rendered":"\t\t<div data-elementor-type=\"wp-page\" data-elementor-id=\"124\" class=\"elementor elementor-124\" data-elementor-post-type=\"page\">\n\t\t\t\t<div class=\"elementor-element elementor-element-2bbf14d e-con-full e-flex e-con e-parent\" data-id=\"2bbf14d\" data-element_type=\"container\">\n\t\t<div class=\"elementor-element elementor-element-d57245c e-con-full e-flex e-con e-child\" data-id=\"d57245c\" data-element_type=\"container\">\n\t\t\t\t<div class=\"elementor-element elementor-element-a0990b1 elementor-widget elementor-widget-dz-appointment-form-3\" data-id=\"a0990b1\" data-element_type=\"widget\" data-widget_type=\"dz-appointment-form-3.default\">\n\t\t\t\t<div class=\"elementor-widget-container\">\n\t\t\t\t\t<section class=\"content-inner bg-light pb-0 overflow-hidden\">\r\n\t<div class=\"container\">\r\n\t\t<div class=\"row content-wrapper style-17 align-items-end justify-content-center\">\r\n\t\t\t<div class=\"col-xl-5 col-lg-12 order-xl-1 m-b30\">\r\n\t\t\t\t<div class=\"content-info\">\r\n\t\t\t\t\t<div class=\"form-wrapper style-2 bg-secondary\">\r\n\t\t\t\t\t\t<div class=\"form-body\">\r\n\t\t\t\t\t\t\t\t\t\t\t\t\t\t<div class=\"title-head\">\r\n\t\t\t\t\t\t\t\t<h2 class=\"form-title m-b20\">Vereinbaren Sie jetzt Ihren Beratungstermin<\/h2>\r\n\t\t\t\t\t\t\t<\/div>\r\n\t\t\t\t\t\t\t\t\t\t\t\t\t\t\t\t\t\t\t\t\r\n\t\t\t\t\t\t\t\t\n<div class=\"wpcf7 no-js\" id=\"wpcf7-f1590-o1\" lang=\"en-US\" dir=\"ltr\" data-wpcf7-id=\"1590\">\n<div class=\"screen-reader-response\"><p role=\"status\" aria-live=\"polite\" aria-atomic=\"true\"><\/p> <ul><\/ul><\/div>\n<form action=\"\/Sani\/wp-json\/wp\/v2\/pages\/124#wpcf7-f1590-o1\" method=\"post\" class=\"wpcf7-form init\" aria-label=\"Contact form\" novalidate=\"novalidate\" data-status=\"init\">\n<fieldset class=\"hidden-fields-container\"><input type=\"hidden\" name=\"_wpcf7\" value=\"1590\" \/><input type=\"hidden\" name=\"_wpcf7_version\" value=\"6.1.4\" \/><input type=\"hidden\" name=\"_wpcf7_locale\" value=\"en_US\" \/><input type=\"hidden\" name=\"_wpcf7_unit_tag\" value=\"wpcf7-f1590-o1\" \/><input type=\"hidden\" name=\"_wpcf7_container_post\" value=\"0\" \/><input type=\"hidden\" name=\"_wpcf7_posted_data_hash\" value=\"\" \/><input type=\"hidden\" name=\"_wpcf7_recaptcha_response\" value=\"\" \/>\n<\/fieldset>\n<div class=\"dzForm\">\n<div class=\"row\">\n<div class=\"col-sm-12 m-b30\">\n<div class=\"floating-underline underline-1 input-light input-icon-left\">\n<span class=\"input-group-text text-primary\"><i class=\"feather icon-user\"><\/i><\/span>\n<input size=\"40\" maxlength=\"400\" class=\"wpcf7-form-control wpcf7-text wpcf7-validates-as-required form-control\" aria-required=\"true\" aria-invalid=\"false\" placeholder=\"Ihr Name\" value=\"\" type=\"text\" name=\"dzFirstName\" \/>\n<\/div>\n<\/div>\n<div class=\"col-sm-12 m-b30\">\n<div class=\"floating-underline underline-1 input-light input-icon-left\">\n<span class=\"input-group-text text-primary\"><i class=\"feather icon-mail\"><\/i><\/span>\n<input size=\"40\" maxlength=\"400\" class=\"wpcf7-form-control wpcf7-email wpcf7-validates-as-required wpcf7-text wpcf7-validates-as-email form-control\" aria-required=\"true\" aria-invalid=\"false\" placeholder=\"Ihre E-Mail-Adresse\" value=\"\" type=\"email\" name=\"dzEmail\" \/>\n<\/div>\n<\/div>\n<div class=\"col-sm-12 m-b30\">\n<div class=\"floating-underline underline-1 input-light input-icon-left\">\n<span class=\"input-group-text text-primary\"><i class=\"feather icon-phone\"><\/i><\/span>\n<input size=\"40\" maxlength=\"400\" class=\"wpcf7-form-control wpcf7-text wpcf7-validates-as-required form-control\" aria-required=\"true\" aria-invalid=\"false\" placeholder=\"Ihre Telefonnummer\" value=\"\" type=\"text\" name=\"dzPhoneNumber\" \/>\n<\/div>\n<\/div>\n<div class=\"col-sm-6 m-b30\">\n<div class=\"floating-underline underline-1 input-light input-icon-left\">\n<span class=\"input-group-text text-primary\"><i class=\"feather icon-calendar\"><\/i><\/span>\n<input size=\"40\" maxlength=\"400\" class=\"wpcf7-form-control wpcf7-text wpcf7-validates-as-required form-control\" id=\"datePickerOnly\" aria-required=\"true\" aria-invalid=\"false\" placeholder=\"Datum\" value=\"\" type=\"text\" name=\"dzDate\" \/>\n<\/div>\n<\/div>\n\n<div class=\"col-sm-6 m-b30\">\n<div class=\"floating-underline underline-1 input-light input-icon-left\">\n<span class=\"input-group-text text-primary\"><i class=\"feather icon-clock\"><\/i><\/span>\n<select class=\"wpcf7-form-control wpcf7-select wpcf7-validates-as-required\" aria-required=\"true\" aria-invalid=\"false\" name=\"termin-zeit\"><option value=\"Uhrzeit\">Uhrzeit<\/option><option value=\"09:00 Uhr\">09:00 Uhr<\/option><option value=\"10:00 Uhr\">10:00 Uhr<\/option><option value=\"11:00 Uhr\">11:00 Uhr<\/option><option value=\"12:00 Uhr\">12:00 Uhr<\/option><option value=\"13:00 Uhr\">13:00 Uhr<\/option><option value=\"14:00 Uhr\">14:00 Uhr<\/option><option value=\"15:00 Uhr\">15:00 Uhr<\/option><option value=\"16:00 Uhr\">16:00 Uhr<\/option><option value=\"17:00 Uhr\">17:00 Uhr<\/option><option value=\"18:00 Uhr\">18:00 Uhr<\/option><\/select>\n<\/div>\n<\/div>\n\n<div class=\"col-sm-6\">\n<div class=\"form-check2 m-b5\">\n<span class=\"wpcf7-form-control wpcf7-checkbox\"><span class=\"wpcf7-list-item first last\"><label><input type=\"checkbox\" name=\"checkbox-979[]\" value=\"Neuroern\u00e4hrung\" \/><span class=\"wpcf7-list-item-label\">Neuroern\u00e4hrung<\/label><\/span><\/span><\/span>\n<\/div>\n<div class=\"form-check2 m-b5\">\n<span class=\"wpcf7-form-control wpcf7-checkbox\"><span class=\"wpcf7-list-item first last\"><label><input type=\"checkbox\" name=\"checkbox-979[]\" value=\"Gehirn und Kognition\" \/><span class=\"wpcf7-list-item-label\">Gehirn und Kognition<\/label><\/span><\/span><\/span>\n<\/div>\n<div class=\"form-check2 m-b5\">\n<span class=\"wpcf7-form-control wpcf7-checkbox\"><span class=\"wpcf7-list-item first last\"><label><input type=\"checkbox\" name=\"checkbox-979[]\" value=\"Beratung\" \/><span class=\"wpcf7-list-item-label\">Beratung<\/label><\/span><\/span><\/span>\n<\/div>\n<\/div>\n<div class=\"col-sm-6 m-b30\">\n<div class=\"form-check2 m-b5\">\n<span class=\"wpcf7-form-control wpcf7-checkbox\"><span class=\"wpcf7-list-item first last\"><label><input type=\"checkbox\" name=\"checkbox-979[]\" value=\"Suchtberatung\" \/><span class=\"wpcf7-list-item-label\">Suchtberatung<\/label><\/span><\/span><\/span>\n<\/div>\n<\/div>\n       <div class=\"col-sm-12 m-b20\">\n\t\t<div style=\"font-size:14px; margin-top: 10px;\"><span class=\"wpcf7-form-control wpcf7-acceptance\"><span class=\"wpcf7-list-item\"><label><input type=\"checkbox\" name=\"datenschutz\" value=\"1\" aria-invalid=\"false\" \/><span class=\"wpcf7-list-item-label\">Ich stimme der Verarbeitung meiner Daten gem\u00e4\u00df der Datenschutzerkl\u00e4rung zu. *<\/label><\/span><\/span><\/span><\/div>\n\t<\/div>\n<div class=\"col-sm-12 m-t10\">\n<button type=\"submit\" name=\"submit\" value=\"submit\" class=\"btn btn-lg btn-white w-100 wpcf7-submit has-spinner\">\n<i class=\"feather icon-calendar m-r5\"><\/i>Vereinbaren Sie Ihren Termin\n<\/button>\n<\/div>\n<\/div>\n<\/div><div class=\"wpcf7-response-output\" aria-hidden=\"true\"><\/div>\n<\/form>\n<\/div>\n\t\t\t\t\t\t\r\n\t\t\t\t\t\t\t\t\t\t\t\t\t\r\n\t\t\t\t\t\t<\/div>\r\n\t\t\t\t\t<\/div>\r\n\t\t\t\t<\/div>\r\n\t\t\t<\/div>\r\n\t\t\t<div class=\"col-xl-7 col-lg-8 pe-xl-5\">\r\n\t\t\t\t<div class=\"content-media\">\r\n\t\t\t\t\t\t\t\t\t<div class=\"dz-media\">\r\n\t\t\t\t\t\t<img decoding=\"async\" src=\"https:\/\/web-frankfurt.de\/Sani\/wp-content\/uploads\/2025\/05\/dr-mojtaba-sani-snsihannover_Ernahrungsberatung_Suchtberatung.webp\" alt=\"Image\">\r\n\t\t\t\t\t<\/div>\r\n\t\t\t\t\t<div class=\"item1\">\r\n\t\t\t\t\t\t<svg viewBox=\"0 0 694 694\" fill=\"none\" xmlns=\"http:\/\/www.w3.org\/2000\/svg\">\r\n\t\t\t\t\t\t\t<circle cx=\"347\" cy=\"347\" r=\"346\" stroke=\"var(--bs-primary)\" stroke-opacity=\"0.1\" stroke-width=\"2\" stroke-dasharray=\"12 12\"\/>\r\n\t\t\t\t\t\t\t<circle cx=\"347\" cy=\"347\" r=\"296\" stroke=\"var(--bs-primary)\" stroke-opacity=\"0.2\" stroke-width=\"2\" stroke-dasharray=\"12 12\"\/>\r\n\t\t\t\t\t\t\t<circle cx=\"347\" cy=\"347\" r=\"244\" stroke=\"var(--bs-primary)\" stroke-opacity=\"0.3\" stroke-width=\"2\" stroke-dasharray=\"12 12\"\/>\r\n\t\t\t\t\t\t\t<circle cx=\"147.5\" cy=\"206.5\" r=\"6.5\" fill=\"var(--bs-primary)\"\/>\r\n\t\t\t\t\t\t\t<circle opacity=\"0.3\" cx=\"206.5\" cy=\"30.5\" r=\"4.5\" fill=\"var(--bs-primary)\"\/>\r\n\t\t\t\t\t\t\t<circle opacity=\"0.6\" cx=\"62.5\" cy=\"433.5\" r=\"2.5\" fill=\"var(--bs-primary)\"\/>\r\n\t\t\t\t\t\t\t<ellipse opacity=\"0.6\" cx=\"525\" cy=\"109.5\" rx=\"4\" ry=\"3.5\" fill=\"var(--bs-primary)\"\/>\r\n\t\t\t\t\t\t\t<circle cx=\"642.5\" cy=\"361.5\" r=\"3.5\" fill=\"var(--bs-primary)\"\/>\r\n\t\t\t\t\t\t\t<ellipse opacity=\"0.3\" cx=\"573\" cy=\"606.5\" rx=\"3\" ry=\"2.5\" fill=\"var(--bs-primary)\"\/>\r\n\t\t\t\t\t\t<\/svg>\t\r\n\t\t\t\t\t<\/div>\r\n\t\t\t\t\t\t\t\t\t\t\t\t\t<div class=\"item2\">\r\n\t\t\t\t\t\t<div class=\"info-widget style-10 move-3\">\r\n\t\t\t\t\t\t\t\t\t\t\t\t\t\t<span class=\"content-text text-primary\"><span class=\"counter\">15<\/span>+<\/span>\r\n\t\t\t\t\t\t\t\t\t\t\t\t\t\t\t<h3 class=\"title m-b0\">Jahre<br>Erfahrung<\/h3>\r\n\t\t\t\t\t\t\t\t\t\t\t\t\t<\/div>\r\n\t\t\t\t\t<\/div>\r\n\t\t\t\t\t\t\t\t\t<div class=\"item3\">\r\n\t\t\t\t\t\t<div class=\"dz-img-box style-1 move-4\">\r\n\t\t\t\t\t\t\t\t\t\t\t\t\t\t<div class=\"dz-media\">\r\n\t\t\t\t\t\t\t\t<img decoding=\"async\" src=\"https:\/\/web-frankfurt.de\/Sani\/wp-content\/uploads\/2024\/08\/researchgate-logo.webp\" alt=\"Image\">\r\n\t\t\t\t\t\t\t<\/div>\r\n\t\t\t\t\t\t\t\t\t\t\t\t\t\t<div class=\"dz-content\">\r\n\t\t\t\t\t\t\t\t\t\t\t\t\t\t\t\t\t<h3 class=\"title\">Profil anzeigen<\/h3>\r\n\t\t\t\t\t\t\t\t\t\t\t\t\t\t\t\t\t<p> Ver\u00f6ffentlichte Artikel<\/p>\r\n\t\t\t\t\t\t\t\t\t\t\t\t\t\t\t\t\t\t\t\t\t\t\t\t\t<a href=\"https:\/\/www.researchgate.net\/profile\/Mojtaba-Sani-2\" class=\"btn-link\">Profil anzeigen<\/a>\r\n\t\t\t\t\t\t\t\t\t\t\t\t\t\t\t<\/div>\r\n\t\t\t\t\t\t<\/div>\r\n\t\t\t\t\t<\/div>\r\n\t\t\t\t<\/div>\r\n\t\t\t<\/div>\r\n\t\t<\/div>\r\n\t<\/div>\r\n<\/section>\t\t\t\t<\/div>\n\t\t\t\t<\/div>\n\t\t\t\t<\/div>\n\t\t\t\t<\/div>\n\t\t<div class=\"elementor-element elementor-element-d26db85 e-con-full e-flex e-con e-parent\" data-id=\"d26db85\" data-element_type=\"container\">\n\t\t<div class=\"elementor-element elementor-element-47aa11c e-con-full e-flex e-con e-child\" data-id=\"47aa11c\" data-element_type=\"container\">\n\t\t<div class=\"elementor-element elementor-element-9ebf4a0 e-con-full e-flex e-con e-child\" data-id=\"9ebf4a0\" data-element_type=\"container\">\n\t\t\t\t<div class=\"elementor-element elementor-element-b6d6051 elementor-widget elementor-widget-dz-map\" data-id=\"b6d6051\" data-element_type=\"widget\" data-widget_type=\"dz-map.default\">\n\t\t\t\t<div class=\"elementor-widget-container\">\n\t\t\t\t\t\t\t\t\t\t\t\t\r\n\t\t\t\t\t\t\t\t\r\n\t\t\t\t\t\t\r\n\t\t<div class=\"clearfix\">\r\n\t\t\t<div class=\"map-wrapper style-2\">\r\n\t\t\t\t<iframe loading=\"lazy\" \r\n\t\t\t\t\tsrc=\"https:\/\/maps.google.com\/maps?q=Schierholzstr.%2035%2C%2030655%20Hannover%2C%20Deutschland&#038;t=m&#038;z=15&#038;output=embed&#038;iwloc=near\"\r\n\t\t\t\t\ttitle=\"Schierholzstr. 35, 30655 Hannover, Deutschland\"\r\n\t\t\t\t\taria-label=\"Schierholzstr. 35, 30655 Hannover, Deutschland\">\r\n\t\t\t\t<\/iframe>\t\r\n\t\t\t\t<div class=\"container\">\r\n\t\t\t\t\t<div class=\"content-bx style-5 position-absolute\">\r\n\t\t\t\t\t\t<div class=\"content-logo\">\r\n\t\t\t\t\t\t\t<a href=\"https:\/\/web-frankfurt.de\/Sani\/\" class=\"text-logo logo-dark\" title=\"\"><img decoding=\"async\" src=\"http:\/\/site_logo\" alt=\"\" class=\"\" \/><\/a>\t\t\t\t\t\t<\/div>\r\n\t\t\t\t\t\t<div class=\"content-text\">\r\n\t\t\t\t\t\t\t<p class=\"m-b0\">Schierholzstr. 35, 30655 Hannover, Deutschland<\/p>\r\n\t\t\t\t\t\t<\/div>\r\n\t\t\t\t\t\t<div class=\"dz-footer\">\r\n\t\t\t\t\t\t\t<a href=\"https:\/\/www.google.com\/maps\/\" target=\"_blank\" class=\"icon-link-hover-end\">Open Google Map <i class=\"feather icon-arrow-right\"><\/i><\/a>\r\n\t\t\t\t\t\t<\/div>\r\n\t\t\t\t\t<\/div>\r\n\t\t\t\t<\/div>\r\n\t\t\t<\/div>\r\n\t\t<\/div>\r\n\t\t\t\t<\/div>\n\t\t\t\t<\/div>\n\t\t\t\t<\/div>\n\t\t\t\t<\/div>\n\t\t\t\t<\/div>\n\t\t\t\t<\/div>\n\t\t","protected":false},"excerpt":{"rendered":"<p>Vereinbaren Sie jetzt Ihren Beratungstermin Neuroern\u00e4hrung Gehirn und Kognition Beratung Suchtberatung Vereinbaren Sie Ihren Termin 15+ JahreErfahrung Profil anzeigen Ver\u00f6ffentlichte Artikel Profil anzeigen Schierholzstr. 35, 30655 Hannover, Deutschland Open Google Map<\/p>\n","protected":false},"author":1,"featured_media":0,"parent":0,"menu_order":0,"comment_status":"closed","ping_status":"closed","template":"clinicmaster_template.php","meta":{"footnotes":""},"class_list":["post-124","page","type-page","status-publish","hentry"],"_links":{"self":[{"href":"https:\/\/web-frankfurt.de\/Sani\/wp-json\/wp\/v2\/pages\/124","targetHints":{"allow":["GET"]}}],"collection":[{"href":"https:\/\/web-frankfurt.de\/Sani\/wp-json\/wp\/v2\/pages"}],"about":[{"href":"https:\/\/web-frankfurt.de\/Sani\/wp-json\/wp\/v2\/types\/page"}],"author":[{"embeddable":true,"href":"https:\/\/web-frankfurt.de\/Sani\/wp-json\/wp\/v2\/users\/1"}],"replies":[{"embeddable":true,"href":"https:\/\/web-frankfurt.de\/Sani\/wp-json\/wp\/v2\/comments?post=124"}],"version-history":[{"count":15,"href":"https:\/\/web-frankfurt.de\/Sani\/wp-json\/wp\/v2\/pages\/124\/revisions"}],"predecessor-version":[{"id":3490,"href":"https:\/\/web-frankfurt.de\/Sani\/wp-json\/wp\/v2\/pages\/124\/revisions\/3490"}],"wp:attachment":[{"href":"https:\/\/web-frankfurt.de\/Sani\/wp-json\/wp\/v2\/media?parent=124"}],"curies":[{"name":"wp","href":"https:\/\/api.w.org\/{rel}","templated":true}]}}