{"id":3270,"date":"2025-05-27T13:05:28","date_gmt":"2025-05-27T11:05:28","guid":{"rendered":"https:\/\/web-frankfurt.de\/Sani\/?page_id=3270"},"modified":"2025-06-10T19:21:21","modified_gmt":"2025-06-10T17:21:21","slug":"impressum","status":"publish","type":"page","link":"https:\/\/web-frankfurt.de\/Sani\/impressum\/","title":{"rendered":"impressum"},"content":{"rendered":"\t\t<div data-elementor-type=\"wp-page\" data-elementor-id=\"3270\" class=\"elementor elementor-3270\" data-elementor-post-type=\"page\">\n\t\t\t\t<div class=\"elementor-element elementor-element-fefca24 e-flex e-con-boxed e-con e-parent\" data-id=\"fefca24\" data-element_type=\"container\">\n\t\t\t\t\t<div class=\"e-con-inner\">\n\t\t<div class=\"elementor-element elementor-element-a2e475f e-con-full e-flex e-con e-child\" data-id=\"a2e475f\" data-element_type=\"container\">\n\t\t\t\t<div class=\"elementor-element elementor-element-d45db66 elementor-widget elementor-widget-text-editor\" data-id=\"d45db66\" data-element_type=\"widget\" data-widget_type=\"text-editor.default\">\n\t\t\t\t<div class=\"elementor-widget-container\">\n\t\t\t\t\t\t\t\t\t<h2>Angaben gem\u00e4\u00df \u00a7 5 TMG<\/h2>\n<h4>SNSI-SaniNeuroSapiens Institute-UG(haftungsbeschr\u00e4nkt)<\/h4>\n<p>Schierholzstr. 35<br \/>30655 Hannover<br \/>Deutschland<\/p>\n<p>Vertreten durch:<br \/>Dr.Dr. Mojtaba Sani<\/p>\n<p>Kontakt:<br \/>Telefon: +49 176 434 093 20<br \/>E-Mail: info@snsi-hanover.de<\/p>\n<p>Registereintrag:<br \/>Eintragung im Handelsregister.<br \/>Registergericht: Amtsgericht Hannover<br \/>Registernummer: HRB 227422<\/p>\n<p>Steuernummer :<br \/>25\/205\/21656<\/p>\n<p>Institutionskennzeichen : 590306305<\/p>\n<p>Verantwortlich f\u00fcr den Inhalt nach \u00a7 55 Abs. 2 RStV: Dr.Dr. Mojtaba Sani<\/p>\n<p>Adresse wie oben.<\/p>\t\t\t\t\t\t\t\t<\/div>\n\t\t\t\t<\/div>\n\t\t\t\t<\/div>\n\t\t<div class=\"elementor-element elementor-element-8c901fa e-con-full e-flex e-con e-child\" data-id=\"8c901fa\" data-element_type=\"container\">\n\t\t\t\t<div class=\"elementor-element elementor-element-73aaeca elementor-widget elementor-widget-text-editor\" data-id=\"73aaeca\" data-element_type=\"widget\" data-widget_type=\"text-editor.default\">\n\t\t\t\t<div class=\"elementor-widget-container\">\n\t\t\t\t\t\t\t\t\t\n<h2 class=\"wp-block-heading\"><strong>1. Allgemeine Informationen<\/strong><\/h2>\n<p>\u200fDer Schutz Ihrer pers\u00f6nlichen Daten ist uns wichtig. Nachfolgend finden Sie eine \u00dcbersicht dar\u00fcber, wie wir mit Ihren Daten umgehen, wenn Sie unsere Webseite besuchen.<\/p>\n<h2>\u200f<strong>2. Datenerhebung<\/strong><\/h2>\n<p>\u200fWir erheben keine personenbezogenen Daten, wenn Sie unsere Webseite besuchen, au\u00dfer in den folgenden F\u00e4llen:<br \/>\u200f \u2022 Kontaktinformationen: Wenn Sie sich entscheiden, mit uns Kontakt aufzunehmen, k\u00f6nnen Sie Ihre E-Mail-Adresse und Telefonnummer angeben. Diese werden nur verwendet, um auf Ihre Anfragen zu reagieren und werden nicht dauerhaft gespeichert, es sei denn, Sie nehmen Kontakt mit uns auf.<br \/>\u200f \u2022 IP-Adresse: Beim Besuch der Webseite kann Ihre IP-Adresse aus technischen Gr\u00fcnden vor\u00fcbergehend gespeichert werden, um die Funktionsf\u00e4higkeit der Webseite sicherzustellen. Diese Daten werden jedoch nicht mit einer Identifikation der Person verkn\u00fcpft.<\/p>\n<h2><strong>3. Cookies<\/strong><\/h2>\n<p>\u200fWir verwenden keine Cookies auf unserer Webseite, um Besucher zu verfolgen. Es kann jedoch sein, dass Dritte (z. B. Hosting-Anbieter) Cookies zur Gew\u00e4hrleistung der Funktionalit\u00e4t verwenden.<\/p>\n<h2>\u200f<strong>4. Nutzung der Kontaktinformationen<\/strong><\/h2>\n<p>\u200fAlle personenbezogenen Kontaktinformationen (wie E-Mail oder Telefonnummer), die Sie freiwillig zur Verf\u00fcgung stellen, werden nur dazu verwendet, um auf Ihre Anfrage zu antworten oder mit Ihnen zu kommunizieren.<\/p>\n<h2>\u200f<strong>5. Drittanbieter-Dienste<\/strong><\/h2>\n<p>\u200fWir geben keine Daten an Dritte weiter, es sei denn, dies ist gesetzlich erforderlich. Drittanbieter-Dienste wie Webhosting-Dienste k\u00f6nnen jedoch in ihrem Rahmen technischen Zugriff auf bestimmte Daten (z. B. IP-Adressen) haben.<\/p>\n<h2><strong>6. Ihre Rechte<\/strong><\/h2>\n<p>\u200fSie haben das Recht, Auskunft \u00fcber Ihre Daten zu verlangen, deren Berichtigung zu verlangen oder die L\u00f6schung der Daten zu beantragen. Da wir keine personenbezogenen Daten dauerhaft speichern, ist keine formelle Anfrage zur Datenl\u00f6schung erforderlich. Bei Fragen k\u00f6nnen Sie sich gerne an uns wenden.<\/p>\n<h2><strong>7. Kontaktinformationen<\/strong><\/h2>\n<p>\u200fBei Fragen zum Datenschutz oder zur Aus\u00fcbung Ihrer Rechte k\u00f6nnen Sie uns unter folgender Adresse erreichen:<br \/>\u200fE-Mail: info@snsi-hanover.de<br \/>\u200fTelefon: +49 176 434 093 20<\/p>\n<h2><strong>8. \u00c4nderungen dieser Datenschutzerkl\u00e4rung<\/strong><\/h2>\n<p>\u200fWir behalten uns das Recht vor, diese Datenschutzerkl\u00e4rung bei Bedarf zu aktualisieren, um den gesetzlichen Anforderungen zu entsprechen oder \u00c4nderungen in unseren Praktiken widerzuspiegeln.<\/p>\t\t\t\t\t\t\t\t<\/div>\n\t\t\t\t<\/div>\n\t\t\t\t<\/div>\n\t\t\t\t\t<\/div>\n\t\t\t\t<\/div>\n\t\t\t\t<\/div>\n\t\t","protected":false},"excerpt":{"rendered":"<p>Angaben gem\u00e4\u00df \u00a7 5 TMG SNSI-SaniNeuroSapiens Institute-UG(haftungsbeschr\u00e4nkt) Schierholzstr. 3530655 HannoverDeutschland Vertreten durch:Dr.Dr. Mojtaba Sani Kontakt:Telefon: +49 176 434 093 20E-Mail: info@snsi-hanover.de Registereintrag:Eintragung im Handelsregister.Registergericht: Amtsgericht HannoverRegisternummer: HRB 227422 Steuernummer :25\/205\/21656 Institutionskennzeichen : 590306305 Verantwortlich f\u00fcr den Inhalt nach \u00a7 55 Abs. 2 RStV: Dr.Dr. Mojtaba Sani Adresse wie oben. 1. Allgemeine Informationen \u200fDer Schutz Ihrer <\/p>\n","protected":false},"author":1,"featured_media":0,"parent":0,"menu_order":0,"comment_status":"closed","ping_status":"closed","template":"","meta":{"footnotes":""},"class_list":["post-3270","page","type-page","status-publish","hentry"],"_links":{"self":[{"href":"https:\/\/web-frankfurt.de\/Sani\/wp-json\/wp\/v2\/pages\/3270","targetHints":{"allow":["GET"]}}],"collection":[{"href":"https:\/\/web-frankfurt.de\/Sani\/wp-json\/wp\/v2\/pages"}],"about":[{"href":"https:\/\/web-frankfurt.de\/Sani\/wp-json\/wp\/v2\/types\/page"}],"author":[{"embeddable":true,"href":"https:\/\/web-frankfurt.de\/Sani\/wp-json\/wp\/v2\/users\/1"}],"replies":[{"embeddable":true,"href":"https:\/\/web-frankfurt.de\/Sani\/wp-json\/wp\/v2\/comments?post=3270"}],"version-history":[{"count":22,"href":"https:\/\/web-frankfurt.de\/Sani\/wp-json\/wp\/v2\/pages\/3270\/revisions"}],"predecessor-version":[{"id":3496,"href":"https:\/\/web-frankfurt.de\/Sani\/wp-json\/wp\/v2\/pages\/3270\/revisions\/3496"}],"wp:attachment":[{"href":"https:\/\/web-frankfurt.de\/Sani\/wp-json\/wp\/v2\/media?parent=3270"}],"curies":[{"name":"wp","href":"https:\/\/api.w.org\/{rel}","templated":true}]}}